t common factor of z and 15.
15
Let t(v) = v**2 - 15*v + 60. Let x be t(4). What is the highest common factor of x and 432?
16
Let f be (-7)/1 + 4 + -1. Let p be (1 + -145)/3*f/3. Calculate the highest common divisor of p and 8.
8
Suppose 0 = 4*d - o + 21, -4*o = -4 - 0. Let b(z) = -z**3 - 2*z**2 + 5*z - 6. Let l be b(d). Calculate the greatest common divisor of 22 and l.
22
Let c = -245 + 255. What is the highest common divisor of c and 6?
2
Let c = 16 + -6. Let n be c + (-2 - (4 - 2)). Let t be -1 - ((1 - 1) + -3). What is the highest common divisor of n and t?
2
Let t be (-240)/(-7) + 8/(-28). Suppose -7*l + 3*l = -12. Suppose -178 - 128 = -l*p. Calculate the greatest common divisor of p and t.
34
Let j = 505 + -307. Let t be (1 - (2 - -2))*-11. Suppose -3*f + 21 + t = 0. Calculate the greatest common divisor of f and j.
18
Suppose -3*f = -8*f + 2*v - 494, -2*v - 6 = 0. Suppose -a - 2*i - 145 = 0, a - i = -a - 290. Let k = f - a. Calculate the highest common divisor of k and 18.
9
Suppose -5*z - s + 124 = 0, 18*z - 17*z - s = 20. Calculate the greatest common factor of z and 296.
8
Suppose -10 = -o - 7. Suppose -5*t + 2*g + 48 = 0, -5*g = 2*t + o + 1. What is the greatest common divisor of t and 20?
4
Let u(s) = -3*s**2 - 14*s + 1659. Let y be u(0). What is the greatest common factor of 21 and y?
21
Let j(k) = -2*k**2 - 25*k + 30. Let a be j(-13). What is the highest common divisor of a and 323?
17
Let w = -1148 + 1443. Calculate the highest common factor of w and 5.
5
Let x = 42 - 39. Suppose 22 = -l + x*l. Suppose 4*u = -2*c + 126, -4*u + 147 = 6*c - 11*c. What is the highest common factor of l and u?
11
Let g be 6/(-27) + 5026/18. Suppose 0 = 17*r - 19*r - 2*f + 68, f = 5*r - 152. Calculate the highest common divisor of r and g.
31
Let u(k) = 2*k**3 + 11*k**2 - 7*k + 18. Let t be u(-6). Suppose 4*m + 3*s - 42 = -0*m, -5*s - 22 = -m. What is the highest common divisor of m and t?
12
Let p = 173 - 137. Calculate the highest common factor of 27 and p.
9
Let u = 124 + -122. What is the highest common factor of 10 and u?
2
Let y(v) = 6*v**2 - 4*v - 5. Let m be y(5). Let k(p) = 2*p**3 + 100*p**2 + 93*p - 220. Let q be k(-49). Calculate the highest common factor of q and m.
25
Suppose -886 = -18*j + 1994. Calculate the highest common factor of j and 20.
20
Let s(p) = 168*p**3 - p**2 + p. Let i be s(1). Suppose -2*q + 5*u + 17 = 129, -4*u = -8. Let b = i + q. Calculate the highest common factor of b and 13.
13
Let j = 192 + -160. Calculate the greatest common divisor of 256 and j.
32
Let t = 18 - 9. Suppose 5*z + 3*p - 730 = -2*p, -4*p = -3*z + 424. Suppose -5*y + 81 = -z. Calculate the greatest common divisor of t and y.
9
Suppose 2*j - 9 = -j, j + 1 = 4*p. Let w = 2 - p. Suppose o - 4 = w. What is the greatest common divisor of o and 30?
5
Suppose 57*r = 42*r + 840. What is the greatest common divisor of 70 and r?
14
Let j be 140/21*36/15. What is the highest common divisor of j and 10?
2
Let m(w) = -11*w**3 - 2*w**2 + 3*w + 3. Let s be m(-1). Let t = 3 - 3. Suppose t = -5*g + s + 11. Calculate the greatest common divisor of g and 20.
4
Suppose -5*k + 102 = -88. What is the greatest common factor of k and 12?
2
Let h = 310 + -214. What is the highest common factor of h and 128?
32
Let r(a) = -2*a**2 + 2*a - 1. Let u be r(4). Let i = -10 - u. Let m = i - 8. What is the greatest common factor of m and 7?
7
Let g be 8 + (-2112)/(-11) - (3 + -1). Suppose 5*n - 24 - 86 = 0. What is the greatest common divisor of n and g?
22
Let l be 9/(-2)*16/(-24). Suppose -3*n + 2*n = 0. Suppose -l*s + 2*s + 30 = n. Calculate the highest common factor of s and 6.
6
Suppose 4*r - 400 - 144 = 0. Suppose 12*v - r = 4*v. Calculate the greatest common divisor of v and 187.
17
Suppose 5*n - n - 4*k = 1156, -5*n + 1445 = -3*k. What is the greatest common factor of n and 17?
17
Let a = -69 + 73. Let r be (a/5)/(176/(-30) - -6). Calculate the greatest common factor of r and 15.
3
Let s(b) = b**2 + 5. Let o be s(0). Let x be (118/4 + 3)*4/o. What is the highest common divisor of x and 182?
26
Let y be (-42)/(-4)*(-22)/(-33). Let p = 19 - y. Calculate the highest common divisor of p and 24.
12
Suppose -77*s + 2058 = -63*s. What is the highest common divisor of 84 and s?
21
Let c = 7823 - 4389. Let h be (-4)/10 + c/85. Let l = h - 25. Calculate the highest common divisor of l and 75.
15
Let x be (57/8 - -1) + 47/(-376). Calculate the highest common factor of 344 and x.
8
Suppose -103*g + 99*g + 72 = 0. What is the highest common factor of g and 198?
18
Let n be 92/(-230)*35/(-2). Suppose -3*o - 4*f - 124 = -8*o, 0 = 5*o + 4*f - 156. Calculate the highest common divisor of o and n.
7
Suppose -4*x + 204 + 108 = 0. What is the greatest common divisor of x and 1014?
78
Let z be 1*(-1)/1*-4. Suppose -z*p + 218 + 222 = 0. Suppose 0*q - p = -5*q. What is the greatest common factor of 198 and q?
22
Suppose -7*x + 9 = -19. Suppose -8*z + 7 = -25. Calculate the greatest common divisor of z and x.
4
Suppose 13*h = 11*h - 4, 4*h = 5*w - 1333. What is the highest common factor of 25 and w?
5
Let g(l) = 4*l**3 - 3*l**2 + 5*l + 6. Let c be g(4). Suppose 4*k = -0*m + 2*m + 196, -5*k = 3*m - c. Calculate the highest common factor of k and 6.
6
Let i(n) = 11*n**3 + 2*n**2 - n. Let a be i(1). Suppose 2304 = -37*j + 101*j - 0*j. What is the highest common divisor of a and j?
12
Let n = 5125 + -5062. Suppose -v - 2*j = -31, -2*j - 43 = -3*v + 34. Calculate the greatest common divisor of n and v.
9
Let z be 796/14 - (-240)/(-280). What is the greatest common factor of z and 392?
56
Let t = 92 + -80. Let r(v) = -v + 185. Let g be r(0). Suppose -g = -5*u + 295. Calculate the highest common factor of u and t.
12
Let t(g) = 4*g**3 - 4*g**2 + 3*g + 1. Let i be t(2). Let h be (i/2*4)/(2/4). What is the highest common divisor of 23 and h?
23
Suppose 0 = -2*p - 3*p - 4*b - 1720, 0 = -4*b. Let c = -242 - p. What is the greatest common factor of c and 255?
51
Let c = 8 + -4. Suppose w = 4*v + 54, 2*w - c*v - 194 = -w. Calculate the highest common factor of w and 105.
35
Suppose u = -54 + 241. Let t = 70 + -76. Let b be t/10 - (-1056)/60. Calculate the highest common divisor of b and u.
17
Suppose 0 = -2*o + 4*m - 52, 4*o + 4*m - 22 = 5*o. Let f = -59 - -105. Let r = f + o. Calculate the greatest common divisor of 48 and r.
16
Let h be (378/36)/(-3 - 45/(-12)). What is the highest common factor of 14 and h?
14
Suppose 2*z = v + 9, -v + 43 = 4*z + 2*v. Suppose 0 = -z*q + 3*q + 120. Calculate the greatest common factor of 6 and q.
6
Let i = 1269 - 1149. What is the greatest common factor of 170 and i?
10
Suppose 72 = 2*n + 33*b - 37*b, -3*b = 15. Calculate the greatest common factor of n and 10.
2
Suppose -4*n - 4*s + 796 = -208, 3*n - 3*s - 747 = 0. Calculate the highest common divisor of n and 50.
50
Let a(m) = -m**3 + 3*m**2 + 4*m. Let p be a(3). Suppose p = u + 2. What is the greatest common factor of u and 80?
10
Let b be (-50)/(((-12)/3)/(-4)). Let f = b - -81. Let w = 59 - f. What is the highest common factor of w and 4?
4
Suppose 205 = 3*m + 10. Let z be 1 + 8 + -2 + (-6)/(-2). Suppose 2*d + 5*r + z - 31 = 0, -5*d + 4*r = -69. What is the highest common divisor of d and m?
13
Let z be (5 - 2)/(-3) - 46. Let p = 92 + z. Calculate the highest common factor of 18 and p.
9
Let k be -3*(-54)/(-45)*-10. What is the greatest common divisor of k and 171?
9
Suppose 3*u - 12 = 2*u. Let y(g) = -g - 4. Suppose b + 6 = 4*p, -4*b - 40 = 2*p + 2. Let f be y(b). What is the greatest common divisor of u and f?
6
Let y(a) = -72*a + 20. Let i be y(6). Let v = i + 691. What is the greatest common divisor of 31 and v?
31
Let z(c) = 4*c + c**2 - 2*c**3 + 2*c**2 - c**2 + 4*c**2 - 3. Let o be z(-3). What is the greatest common factor of o and 62?
31
Let p = 192 - 98. Let d = 236 - 1. What is the greatest common factor of p and d?
47
Let z = -356 - -404. Calculate the highest common factor of 12 and z.
12
Let g be 196 - -1*(4 + -1). Suppose 4*r - g = 165. Suppose 5*y - y - 52 = 5*h, 4*y = -5*h + 52. Calculate the greatest common factor of r and y.
13
Let y(u) = -u**2 - 29*u - 91. Let w be y(-25). What is the highest common divisor of w and 207?
9
Let x be (-9)/((-45)/(-40)) - -20. Calculate the greatest common divisor of